4, what is -220 - -1100?
220
In base 4, what is -10322 + -2?
-10330
In base 11, what is 4 - -2938?
2941
In base 9, what is -207 + 2?
-205
In base 12, what is -2b + 14?
-17
In base 13, what is 1a - 1a?
0
In base 14, what is -a + c7?
bb
In base 10, what is -7128 - -1?
-7127
In base 15, what is -15 + -52?
-67
In base 13, what is 61 - 3?
5b
In base 8, what is -440 - 5?
-445
In base 13, what is -335a + 2?
-3358
In base 12, what is -16 - 2?
-18
In base 15, what is -2 - 54?
-56
In base 10, what is 6 - -543?
549
In base 13, what is 3 - -53?
56
In base 14, what is 31 + 2?
33
In base 2, what is 11001011010100 - -1?
11001011010101
In base 16, what is -2 + -c5?
-c7
In base 3, what is -1010 + -10020?
-11100
In base 4, what is -20110 - 3?
-20113
In base 2, what is 100 - 100001110?
-100001010
In base 4, what is 2 + 1122?
1130
In base 4, what is -2333 + 132?
-2201
In base 10, what is 16 + 12?
28
In base 5, what is 3312 + 43?
3410
In base 9, what is 0 + 1874?
1874
In base 9, what is 52 + -6?
45
In base 4, what is 2 - 322001?
-321333
In base 6, what is 1211 + 0?
1211
In base 2, what is 100 - 110101?
-110001
In base 14, what is 4 - -93?
97
In base 8, what is -4 + -10434?
-10440
In base 3, what is -10210 + 102?
-10101
In base 14, what is -21d - 17?
-236
In base 12, what is -a - -4a?
40
In base 15, what is 67 + 5?
6c
In base 3, what is -12 - 1101?
-1120
In base 7, what is -4 - 235?
-242
In base 14, what is -6 + cb?
c5
In base 5, what is -13 + -30420?
-30433
In base 13, what is 15 - 10?
5
In base 7, what is 4 - -20?
24
In base 6, what is 14 + -11?
3
In base 11, what is 3 + -1593?
-1590
In base 15, what is 16 + 1?
17
In base 6, what is 4 + -4250?
-4242
In base 2, what is 11 - 11011?
-11000
In base 3, what is 12 + 1000?
1012
In base 5, what is 3112 + 2?
3114
In base 13, what is 955 - -4?
959
In base 2, what is -101 + 10010?
1101
In base 4, what is -3201 + 130?
-3011
In base 3, what is 2 - -100101?
100110
In base 3, what is 1011 - 11?
1000
In base 11, what is -1 + -51?
-52
In base 3, what is -1 - -120011?
120010
In base 7, what is -3 - -10?
4
In base 6, what is 155 - -2?
201
In base 3, what is 1 + -1122?
-1121
In base 15, what is 644 - -5?
649
In base 4, what is -20100 + 0?
-20100
In base 2, what is 1 + 1101001?
1101010
In base 15, what is 4 + 573?
577
In base 6, what is -20 + 2243?
2223
In base 9, what is -5 + 1645?
1640
In base 15, what is c - 2c?
-20
In base 12, what is -22 + -14?
-36
In base 4, what is 3 + -3310?
-3301
In base 5, what is -10 + 3312?
3302
In base 6, what is 431 + 21?
452
In base 10, what is 0 - 30?
-30
In base 14, what is 1 - -1d8b?
1d8c
In base 16, what is -122 - 0?
-122
In base 14, what is 1916 + 0?
1916
In base 15, what is -25 - -2?
-23
In base 9, what is -28 - 10?
-38
In base 4, what is -213 - -23?
-130
In base 5, what is -111240 - 4?
-111244
In base 15, what is -10 - 6?
-16
In base 2, what is 101 - -1111?
10100
In base 11, what is 12 + 40?
52
In base 5, what is -10143 - -2?
-10141
In base 3, what is -11112121 + -12?
-11112210
In base 3, what is 2 + 2001?
2010
In base 6, what is 25313 + 0?
25313
In base 16, what is 3e - -6?
44
In base 10, what is -2 - 7750?
-7752
In base 8, what is -15437 - -4?
-15433
In base 7, what is 5 + 13?
21
In base 12, what is 28 + 4a?
76
In base 3, what is 11012 + 12?
11101
In base 14, what is -2 + 454?
452
In base 11, what is 4 - -9?
12
In base 5, what is -104 + 333?
224
In base 7, what is 152 - 2?
150
In base 11, what is 11 + -71?
-60
In base 13, what is 1 - -452?
453
In base 12, what is -277 - 3?
-27a
In base 3, what is 10210 + -2?
10201
In base 15, what is 36 - 2?
34
In base 2, what is 1110 - 110010101?
-110000111
In base 5, what is 1 - -10434?
10440
In base 9, what is -6 + 548?
542
In base 9, what is 48 + 345?
404
In base 5, what is 1002 - -213?
1220
In base 3, what is 1 + -1100?
-1022
In base 11, what is -39a - -2?
-398
In base 14, what is 5 + -dc?
-d7
In base 10, what is 59 - 14?
45
In base 6, what is -1 - 10020?
-10021
In base 13, what is 35 + 46?
7b
In base 13, what is 5 + 496?
49b
In base 12, what is 166 + 16?
180
In base 11, what is -3a + 37?
-3
In base 13, what is -155 - -5?
-150
In base 8, what is 2 + 170?
172
In base 4, what is -201 - 220?
-1021
In base 15, what is 4 + 17?
1b
In base 13, what is 0 + -11?
-11
In base 4, what is 1 - 222?
-221
In base 14, what is 3 + -374?
-371
In base 6, what is 152 + 12?
204
In base 11, what is 3 + -541?
-539
In base 15, what is -1a + -2d1?
-2eb
In base 8, what is -14367 + -1?
-14370
In base 13, what is 5 - 24?
-1c
In base 5, what is -10 + -424?
-434
In base 2, what is -100100110 - 101110?
-101010100
In base 15, what is -3 - -2a8?
2a5
In base 9, what is 30 - -7?
37
In base 6, what is 15 + -11?
4
In base 9, what is 522 - -4?
526
In base 15, what is -97 + 3?
-94
In base 15, what is -468 - -b?
-45c
In base 11, what is 246 - -26?
271
In base 4, what is -1232 - 2?
-1300
In base 5, what is -1 + 404?
403
In base 7, what is 66552 + 1?
66553
In base 4, what is -10200 - -10?
-10130
In base 7, what is 140 + -44?
63
In base 5, what is 4 + 3212?
3221
In base 16, what is -6f + -34?
-a3
In base 15, what is 21 + -7?
19
In base 12, what is -3 - -44a?
447
In base 9, what is 4 - 66?
-62
In base 7, what is -305 + 62?
-213
In base 7, what is -6 - 352?
-361
In base 13, what is 98 + -3?
95
In base 2, what is -11010000 + -100?
-11010100
In base 6, what is 10 + 101?
111
In base 4, what is -1311033 - 11?
-1311110
In base 9, what is 0 + 1?
1
In base 4, what is 2 - 320?
-312
In base 12, what is 16a8 - -4?
16b0
In base 8, what is 2 + -66?
-64
In base 3, what is 2001110 - 0?
2001110
In base 9, what is 164 - 0?
164
In base 7, what is 6 + -2?
4
In base 9, what is -56 + 3?
-53
In base 3, what is -101001 - 2?
-101010
In base 15, what is -3c - -8a?
4d
In base 3, what is 110 - 21?
12
In base 15, what is -9b + -4?
-a0
In base 7, what is -2 + -16?
-21
In base 8, what is -3 + -20?
-23
In base 12, what is 2 - 31?
-2b
In base 8, what is -120 - -51?
-47
In base 10, what is 1865 + 3?
1868
In base 5, what is -3 - -10?
2
In base 9, what is 2 + -12?
-10
In base 16, what is -1 + -af?
-b0
In base 13, what is 5 - -3b5?
3ba
In base 11, what is -6 - -45?
3a
In base 16, what is -5 - -7d6?
7d1
In base 15, what is -2d + 15?
-18
In base 13, what is 2 - 7ab?
-7a9
In base 7, what is 10020 + 5?
10025
In base 11, what is -100 + a?
-a1
In base 11, what is 4 + a3?
a7
In base 14, what is -22c - 4?
-232
In base 16, what is 3 + 3f?
42
In base 9, what is 3 + 258?
262
In base 5, what is -10 - 114213?
-114223
In base 13, what is -3 - 55?
-58
In base 16, what is -94 + -1?
-95
In base 10, what is -395 - -8?
-387
In base 6, what is -23 + 3112?
3045
In base 3, what is 12 - -1220?
2002
In base 13, what is 650 - -4?
654
In base 11, what is 17 + 147?
163
In base 11, what is 615 - 0?
615
In base 4, what is -1 + -122?
-123
In base 4, what is -3 + 11201?
11132
In base 12, what is 27 + -a2?
-77
In base 10, what is 3 + -39?
-36
In base 8, what is 216 + -3?
213
In base 15, what is -142 - 0?
-142
In base 7, what is 3 + 136?
142
In base 3, what is 1122221 + -10?
1122211
In base 6, what is -5253 + 0?
-5253
In base 13, what is 42 - 0?
42
In base 5, what is 1142 + -11?
1131
In base 6, what is -2032 + 1?
-2031
In base 13, what is 5 - 740?
-738
In base 13, what is -10 + -2a?
-3a
In base 13, what is -2 + -55?
-57
In base 10, what is -104 + -1?
-105
In base 8, what is -55 - 10?
-65
In base 9, what is -481 - 0?
-481
In base 13, what is a00 - 1?
9cc
In base 15, what is -9 - c?
-16
In base 7, what is -3 + -135?
-141
In base 13, what is a + -60?
-53
In base 9, what is 83 + -5?
77
In base 8, what is -710 + 4?
-704
In base 9, what is 5635 + 1?
5636
In base 9, what is 322 - 0?
322
In base 2, what is -101 + -111000?
-111101
In base 5, what is 110 - 14?
41
In base 12, what is 35 + 25?
5a
In base 7, what is 3 - 22?
-16
In base 13, what is 2b + -33?
-5
In base 4, what is 2 + -1223?
-1221
In base 5, what is 10041 + -1?
10040
In base 3, what is -21002 + 1?
-21001
In base 15, what is -8 - -91?
88
In base 9, what is 65 + 8?
74
In base 2, what is -10111010 - -101?
-10110101
In base 3, what is 110 + 100?
210
In base 11, what is -10 - 183?
-193
In base 11, what is 28a + -1?
289
In base 11, what is 40 - -12a?
16a
In base 9, what is 2662 + 3?
2665
In base 9, what is 5 + -23?
